{"id":106,"date":"2025-05-07T15:35:38","date_gmt":"2025-05-07T13:35:38","guid":{"rendered":"http:\/\/hwazktk.cluster021.hosting.ovh.net\/?page_id=106"},"modified":"2026-04-18T08:03:52","modified_gmt":"2026-04-18T06:03:52","slug":"presse","status":"publish","type":"page","link":"https:\/\/boisdron.fr\/index.php\/presse\/","title":{"rendered":"Presse"},"content":{"rendered":"\n<h2 class=\"wp-block-heading\"><br><strong>Entretiens radiophoniques et t\u00e9l\u00e9visuels<\/strong><\/h2>\n\n\n\n<p>14 avril 2026, <em><a href=\"https:\/\/www.rts.ch\/audio-podcast\/2026\/audio\/defaite-de-viktor-orban-qu-est-ce-que-ca-change-29212055.html\" data-type=\"link\" data-id=\"https:\/\/www.rts.ch\/audio-podcast\/2026\/audio\/defaite-de-viktor-orban-qu-est-ce-que-ca-change-29212055.html\" target=\"_blank\" rel=\"noreferrer noopener\">D\u00e9faite de Viktor Orb\u00e1n: qu&rsquo;est-ce que \u00e7a change ?<\/a><\/em>, \u00ab&nbsp;Le Point J \u00bb (RTS), par Jessica Vial.<\/p>\n\n\n\n<p>13 avril 2026, <em><a href=\"https:\/\/www.franceinfo.fr\/monde\/europe\/apres-sa-victoire-aux-legislatives-en-hongrie-il-va-falloir-que-peter-magyar-envoie-des-signaux-a-l-ue-analyse-un-specialiste-de-l-europe-centrale_7934306.html\" target=\"_blank\" rel=\"noreferrer noopener\">Apr\u00e8s sa victoire aux l\u00e9gislatives en Hongrie, \u00ab\u00a0il va falloir que P\u00e9ter Magyar envoie des signaux \u00e0 l&rsquo;UE\u00a0\u00bb, analyse un sp\u00e9cialiste de l&rsquo;Europe centrale<\/a><\/em>, France Info.<\/p>\n\n\n\n<p>12 avril 2026, <em><a href=\"https:\/\/www.youtube.com\/watch?v=cayyke0-TD8&amp;t=5s\" data-type=\"link\" data-id=\"https:\/\/www.youtube.com\/watch?v=cayyke0-TD8&amp;t=5s\" target=\"_blank\" rel=\"noreferrer noopener\">L\u00e9gislatives en Hongrie : Magyar, capable de d\u00e9tr\u00f4ner Orban ?<\/a><\/em>, France 24.<\/p>\n\n\n\n<p>29 janvier 2026, <em><a href=\"https:\/\/euradio.fr\/emission\/KLkz-euradio-a-nantes\/7ZOM-legislatives-en-hongrie-orban-sous-la-menace-de-lopposition\" target=\"_blank\" rel=\"noreferrer noopener\">L\u00e9gislatives en Hongrie : Orban sous la menace de l\u2019opposition ?<\/a><\/em>, \u00ab&nbsp;L&rsquo;invit\u00e9 de la r\u00e9daction \u00bb (Euradio), par Matthieu Boisse.<\/p>\n\n\n\n<p>11 d\u00e9cembre 2025, <em><a href=\"https:\/\/share.transistor.fm\/s\/3baeb565\" data-type=\"link\" data-id=\"https:\/\/share.transistor.fm\/s\/3baeb565\" target=\"_blank\" rel=\"noreferrer noopener\">Prochaines l\u00e9gislatives en Hongrie : fin de partie pour Viktor Orb\u00e1n ?<\/a><\/em>, \u00ab&nbsp;G\u00e9opolis \u00bb, par Ulrich Huygevelde.<\/p>\n\n\n\n<p>3 juin 2025, <em><a href=\"https:\/\/lcp.fr\/programmes\/debatdoc\/hongrie-jusqu-ou-ira-viktor-orban-369021\" data-type=\"link\" data-id=\"https:\/\/lcp.fr\/programmes\/debatdoc\/hongrie-jusqu-ou-ira-viktor-orban-369021\" target=\"_blank\" rel=\"noreferrer noopener\">Hongrie : jusqu&rsquo;o\u00f9 ira Viktor Orb\u00e1n ?<\/a><\/em>, \u00ab&nbsp;D\u00e9batDoc \u00bb (LCP), par Jean-Pierre Gratien.<\/p>\n\n\n\n<p>15 avril 2025, <em><a href=\"https:\/\/www.france24.com\/fr\/vid%C3%A9o\/20250415-hongrie-viktor-orban-met-un-nouveau-tour-de-vis-contre-les-lgbt-et-les-binationaux\" target=\"_blank\" rel=\"noreferrer noopener\">Hongrie : Orban met un nouveau tour de vis contre les LGBT+ et les binationaux<\/a><\/em>, \u00ab&nbsp;Journal&nbsp;\u00bb (France 24).<\/p>\n\n\n\n<p>17 novembre 2024, <a href=\"https:\/\/www.france.tv\/france-5\/en-societe\/6644741-vivre-ensemble-michelin-viktor-orban-et-sexualite.html\" target=\"_blank\" rel=\"noreferrer noopener\"><em>Viktor Orban, le dynamiteur de l\u2019Europe<\/em><\/a>, \u00ab&nbsp;En soci\u00e9t\u00e9&nbsp;\u00bb (France 5), par Julie Patin.<\/p>\n\n\n\n<p>2 juillet 2024, <a href=\"https:\/\/www.radiofrance.fr\/franceculture\/podcasts\/france-culture-va-plus-loin-l-invite-e-des-matins\/lecons-d-italie-de-hongrie-d-argentine-quand-l-extreme-droite-arrive-au-pouvoir-4747580\" target=\"_blank\" rel=\"noreferrer noopener\"><em>Le\u00e7ons d\u2019Italie, de Hongrie, d\u2019Argentine&nbsp;: quand l\u2019extr\u00eame droite arrive au pouvoir<\/em><\/a>, \u00ab&nbsp;Les Matins&nbsp;\u00bb (France Culture), par Quentin Lafay.<\/p>\n\n\n\n<p>1<sup>er<\/sup> f\u00e9vrier 2024, <a href=\"https:\/\/www.rcf.fr\/articles\/actualite\/union-europeenne-viktor-orban-estil-le-boulet-de-leurope\" target=\"_blank\" rel=\"noreferrer noopener\"><em>Union europ\u00e9enne&nbsp;: Viktor Orb\u00e1n est-il le boulet de l\u2019Europe&nbsp;?<\/em><\/a>, \u00ab&nbsp;Le dossier de la r\u00e9daction&nbsp;\u00bb (RCF).<\/p>\n\n\n\n<p>15 d\u00e9cembre 2023, <a href=\"https:\/\/www.radiofrance.fr\/franceculture\/podcasts\/les-enjeux-internationaux\/pourquoi-la-hongrie-ne-veut-pas-de-l-ukraine-dans-l-union-europeenne-2655830\" target=\"_blank\" rel=\"noreferrer noopener\"><em>Pourquoi la Hongrie ne veut pas de l\u2019Ukraine dans l\u2019Union europ\u00e9enne&nbsp;?<\/em><\/a>, \u00ab&nbsp;Les enjeux internationaux&nbsp;\u00bb (France Culture), par Guillaume Erner.<\/p>\n\n\n\n<p>1<sup>er<\/sup> juillet 2022, <a href=\"https:\/\/www.mediapart.fr\/journal\/international\/010722\/viktor-orban-est-il-de-plus-en-plus-isole-en-europe\" target=\"_blank\" rel=\"noreferrer noopener\">Viktor Orb\u00e1n est-il de plus en plus isol\u00e9 en Europe&nbsp;?<\/a>, \u00ab&nbsp;Un monde \u00e0 vif&nbsp;\u00bb, (Mediapart), par Am\u00e9lie Poinssot.<\/p>\n\n\n\n<p>22 avril 2022,<em> <a href=\"https:\/\/www.arte.tv\/fr\/videos\/107710-103-A\/hongrie-le-cas-orban\/\" target=\"_blank\" rel=\"noreferrer noopener\">Hongrie&nbsp;: le cas Orb\u00e1n<\/a><\/em>, \u00ab&nbsp;Info Plus&nbsp;\u00bb (Arte), par Lionel Jullien.<\/p>\n\n\n\n<p>14 avril 2022,<em> <a href=\"https:\/\/www.publicsenat.fr\/article\/politique\/avec-son-projet-d-europe-des-nations-marine-le-pen-veut-relancer-l-alliance-entre\" target=\"_blank\" rel=\"noreferrer noopener\">Avec son projet \u00ab&nbsp;d\u2019Europe des nations&nbsp;\u00bb, Marine Le Pen veut relancer l\u2019alliance entre souverainistes<\/a><\/em>, Public S\u00e9nat, par Louis Dubar.<\/p>\n\n\n\n<p>1<sup>er<\/sup> avril 2022, <a href=\"https:\/\/www.rcf.fr\/articles\/actualite\/hongrie-viktor-orban-peutil-perdre-les-legislatives\" target=\"_blank\" rel=\"noreferrer noopener\"><em><u>Hongrie : Viktor Orban peut-il perdre les l\u00e9gislatives&nbsp;?<\/u><\/em><\/a>, \u00ab&nbsp;Le dossier de la r\u00e9daction&nbsp;\u00bb (RCF), par Jean-Baptiste Labeur.<\/p>\n\n\n\n<p>13 d\u00e9cembre 2021, <a href=\"https:\/\/www.franceculture.fr\/emissions\/journal-de-22h\/journal-de-22h00-par-stanislas-vasak-du-lundi-13-decembre-2021\" target=\"_blank\" rel=\"noreferrer noopener\"><em>Emmanuel Macron trouve des points de convergence avec Viktor Orban<\/em><\/a>, \u00ab&nbsp;Journal de 22&nbsp;heures&nbsp;\u00bb (France Culture), par Stanislas Vasak.<\/p>\n\n\n\n<p>13 d\u00e9cembre 2021, <a href=\"https:\/\/www.france24.com\/fr\/%C3%A9missions\/le-d%C3%A9bat\/20211213-ue-progressistes-vs-nationalistes-visite-macron-hongrie\" target=\"_blank\" rel=\"noreferrer noopener\"><em>UE&nbsp;: progressistes vs nationalistes&nbsp;? Visite d\u2019Emmanuel Macron en Hongrie<\/em><\/a>, \u00ab&nbsp;Le d\u00e9bat&nbsp;\u00bb (France 24), par St\u00e9phanie Antoine.<\/p>\n\n\n\n<p>13 d\u00e9cembre 2021, <a href=\"https:\/\/www.youtube.com\/watch?v=Zf9c53M88Ig\" target=\"_blank\" rel=\"noreferrer noopener\"><em>Orban\/Macron, entente cordiale entre adversaires<\/em><\/a>, \u00ab&nbsp;Le 64&nbsp;\u00bb (TV5 Monde), par Mohamed Kaci.<\/p>\n\n\n\n<p>12 novembre 2021, <a href=\"https:\/\/www.ouest-france.fr\/bretagne\/rennes-35000\/podcast-edmond-herve-raconte-ses-mandats-a-la-tete-de-rennes-capitale-de-la-bretagne-6949ab9a-43d0-11ec-8221-cbcea3ca8ebe?fbclid=IwAR3YIJqszrqRjZRYgIXFj1tTG38lfVOGvJH_VqL4aK4dW57dbHpez_7noqA\" target=\"_blank\" rel=\"noreferrer noopener\"><em>M. comme Maire<\/em><\/a>, \u00ab&nbsp;L\u2019Ab\u00e9c\u00e9daire&nbsp;\u00bb (Ouest-France et \u00ab&nbsp;Bretagne Culture Diversit\u00e9&nbsp;\u00bb), par Arnaud Wassmer et Erwan Le Gall.<\/p>\n\n\n\n<p>29 octobre 2021, <a href=\"https:\/\/rcf.fr\/actualite\/leurope-au-coeur?episode=169075\" target=\"_blank\" rel=\"noreferrer noopener\"><em>Les Balkans, entre Bruxelles et P\u00e9kin<\/em><\/a>, \u00ab&nbsp;L\u2019Europe au c\u0153ur&nbsp;\u00bb (1RCF), par Elo\u00efse Tanghe.<\/p>\n\n\n\n<p>7 juillet 2021,<em> <a href=\"https:\/\/www.france24.com\/fr\/vid%C3%A9o\/20210708-loi-homophobe-en-hongrie-cette-loi-r%C3%A9pond-d-abord-%C3%A0-un-objectif-national-pour-v-orban?ref=tw\" target=\"_blank\" rel=\"noreferrer noopener\">Loi Homophobe en Hongrie&nbsp;: \u00ab&nbsp;Cette loi r\u00e9pond d\u2019abord \u00e0 un objectif national pour V. Orban&nbsp;\u00bb<\/a><\/em>, \u00ab&nbsp;Journal&nbsp;\u00bb (France 24).<\/p>\n\n\n\n<p>26 juin 2021, <a href=\"https:\/\/www.franceculture.fr\/emissions\/le-temps-du-debat\/le-temps-du-debat-du-samedi-emission-du-samedi-26-juin-2021\" target=\"_blank\" rel=\"noreferrer noopener\"><em>Les droits LGBT fracturent-ils l\u2019Europe&nbsp;?<\/em><\/a>, \u00ab&nbsp;Le Temps du D\u00e9bat&nbsp;\u00bb (France Culture), par Rapha\u00ebl Bourgois.<\/p>\n\n\n\n<p>24 juin 2021, <a href=\"https:\/\/www.rfi.fr\/fr\/podcasts\/d%C3%A9cryptage\/20210624-hongrie-quelle-r%C3%A9ponse-de-l-union-europ%C3%A9enne\" target=\"_blank\" rel=\"noreferrer noopener\"><em>Hongrie&nbsp;: quelle r\u00e9ponse de l\u2019Union europ\u00e9enne<\/em><\/a>, \u00ab&nbsp;D\u00e9cryptage&nbsp;\u00bb (RFI), par Romain Auzouy.<\/p>\n\n\n\n<p>5 mai 2021, <a href=\"https:\/\/www.prun.net\/emission\/5Xg3-curiocite\/5AZZ-curiocite-speciale-elections-regionale-et-departementale\" target=\"_blank\" rel=\"noreferrer noopener\"><em>\u00c9lections r\u00e9gionales et d\u00e9partementales \u2013 ce qu\u2019il faut savoir<\/em><\/a>, \u00ab&nbsp;Curiocit\u00e9&nbsp;\u00bb (Radio Prun&rsquo;).<\/p>\n\n\n\n<p>13 avril 2021, <a href=\"https:\/\/www.trensistor.fr\/2021\/04\/nicolas-vous-parle-de-klubradio\/\" target=\"_blank\" rel=\"noreferrer noopener\"><em>Klubr\u00e1di\u00f3, la (web)radio ind\u00e9pendante hongroise qui tient t\u00eate \u00e0 Orb\u00e1n<\/em><\/a>, \u00ab&nbsp;9<sup>e<\/sup> journ\u00e9e de la radio&nbsp;\u00bb (TrENSistor, radio associative de l\u2019ENS Lyon), par Nicolas Szende.<\/p>\n\n\n\n<p>17 f\u00e9vrier 2021, <a href=\"https:\/\/lechantier.radio\/infos\/hongrie-viktor-orban-muselle-les-medias\" target=\"_blank\" rel=\"noreferrer noopener\"><em>Hongrie&nbsp;: Viktor Orb\u00e1n muselle les m\u00e9dias<\/em><\/a>, \u00ab&nbsp;matinale&nbsp;\u00bb (Le Chantier Radio), par Tiphaine Cr\u00e9z\u00e9.<\/p>\n\n\n\n<p>11 f\u00e9vrier 2021, <a href=\"https:\/\/www.franceculture.fr\/emissions\/les-enjeux-internationaux\/hongrie-2\" target=\"_blank\" rel=\"noreferrer noopener\"><em>En Hongrie, que reste-t-il de m\u00e9dias ind\u00e9pendants et de facs autonomes&nbsp;?<\/em><\/a>, \u00ab&nbsp;Les enjeux internationaux&nbsp;\u00bb (France Culture), par Julie Gacon.<\/p>\n\n\n\n<p>10 d\u00e9cembre 2020, <a href=\"http:\/\/euradio.fr\/2020\/12\/10\/les-elections-municipales-de-1977-en-france-les-voies-de-lhistoire\/\" target=\"_blank\" rel=\"noreferrer noopener\"><em>Les \u00e9lections municipales de 1977<\/em><\/a>, \u00ab&nbsp;Les voies de l\u2019histoire&nbsp;\u00bb (Euradio), par Bernard Michon.<\/p>\n\n\n\n<p>6 juin 2020, <a href=\"https:\/\/www.rfi.ro\/emisiunile-rfi-ro-121821-les-cent-ans-du-traite-de-trianon-une-plaie-toujours-ouverte-au-coeur-de\" target=\"_blank\" rel=\"noreferrer noopener\"><em>100&nbsp;ans plus tard&nbsp;: l\u2019impact du Trait\u00e9 de Trianon dans la politique contemporaine hongroise<\/em><\/a>, \u00ab&nbsp;Ligne Directe. Au c\u0153ur de l\u2019Europe&nbsp;\u00bb (RFI Romania), par Nicolas Don.<\/p>\n\n\n\n<h2 class=\"wp-block-heading\">Entretiens pour la presse \u00e9crite<\/h2>\n\n\n\n<p>10 avril 2026, <a href=\"https:\/\/www.lepelerin.com\/monde\/decryptage\/hongrie-la-relation-entre-orban-et-poutine-est-un-mystere-14899\" data-type=\"link\" data-id=\"https:\/\/www.lepelerin.com\/monde\/decryptage\/hongrie-la-relation-entre-orban-et-poutine-est-un-mystere-14899\" target=\"_blank\" rel=\"noreferrer noopener\">\u00c9lections l\u00e9gislatives 2026 en Hongrie : \u00ab La relation entre Viktor Orban et Vladimir Poutine est un myst\u00e8re \u00bb<\/a>, <em>Le P\u00e9lerin<\/em>, par Rachel Notteau.<\/p>\n\n\n\n<p>9 avril 2026, \u00ab Magyar sait parler \u00e0 l\u2019\u00e9lectorat d\u2019Orb\u00e1n \u00bb, <em>Le Vif\/L\u2019Express<\/em>, par G\u00e9rald Papy, p. 60-61.<\/p>\n\n\n\n<p>9 avril 2026, \u00ab Orb\u00e1n ou l\u2019\u00c9tat de droit d\u00e9tricot\u00e9 \u00bb, <em>R\u00e9forme<\/em>, n\u00b04132, par Alice Papin, p. 2-3.<\/p>\n\n\n\n<p>28 mai 2025, \u00ab <a href=\"https:\/\/www.courrierdesmaires.fr\/article\/municipales-1977-les-bataillons-d-elus-de-gauche-pavent-la-voie-a-la-decentralisation.58985\" data-type=\"link\" data-id=\"https:\/\/www.courrierdesmaires.fr\/article\/municipales-1977-les-bataillons-d-elus-de-gauche-pavent-la-voie-a-la-decentralisation.58985\" target=\"_blank\" rel=\"noreferrer noopener\">Municipales 1977 : les bataillons d\u2019\u00e9lus de gauche pavent la voie \u00e0 la d\u00e9centralisation<\/a> \u00bb, <em>Le Courrier des Maires<\/em>, par Olivier Descamps.<\/p>\n\n\n\n<p>22 mars 2025, \u00ab <a href=\"https:\/\/www.ladepeche.fr\/2025\/03\/22\/entretien-refus-de-soutenir-lukraine-blocages-a-bruxelles-peut-on-exclure-la-hongrie-de-lunion-europeenne-12584929.php\" target=\"_blank\" rel=\"noreferrer noopener\">Refus de soutenir l\u2019Ukraine, blocages \u00e0 Bruxelles\u2026 peut-on exclure la Hongrie de l\u2019Union Europ\u00e9enne ?<\/a> \u00bb, <em>La D\u00e9p\u00eache<\/em>.<\/p>\n\n\n\n<p>28 ao\u00fbt 2024, \u00ab&nbsp;<a href=\"https:\/\/www.lemonde.fr\/politique\/article\/2024\/08\/28\/quand-la-gauche-voit-macron-en-nouveau-mac-mahon_6297324_823448.html\" target=\"_blank\" rel=\"noreferrer noopener\">Quand la gauche voit en Macron un nouveau Mac-Mahon<\/a>&nbsp;\u00bb, <em>Le Monde<\/em>, par Denis Cosnard<\/p>\n\n\n\n<p>23 juillet 2024, \u00ab&nbsp;<a href=\"https:\/\/www.lexpress.fr\/monde\/europe\/guerre-en-ukraine-lexemption-hongroise-sur-le-petrole-russe-crispe-ses-partenaires-GC54HFCNEVH5ZJBQT52TABBS34\/\" target=\"_blank\" rel=\"noreferrer noopener\">Guerre en Ukraine&nbsp;: l\u2019exemption hongroise sur le p\u00e9trole russe crispe ses partenaires<\/a>&nbsp;\u00bb, <em>L\u2019Express<\/em>, par Louis Mathieu.<\/p>\n\n\n\n<p>27 juillet 2022, \u00ab&nbsp;<a href=\"https:\/\/www.tf1info.fr\/international\/le-premier-ministre-viktor-orban-a-depuis-toujours-cette-volonte-d-etre-dans-la-surenchere-la-hongrie-de-plus-en-plus-isolee-en-europe-guerre-en-ukraine-2227681.html\" target=\"_blank\" rel=\"noreferrer noopener\">\u201cOrban a depuis toujours cette volont\u00e9 d&rsquo;\u00eatre dans la surench\u00e8re\u201d : la Hongrie de plus en plus isol\u00e9e en Europe<\/a>&nbsp;\u00bb, <em>TF1 Info<\/em>, par Sebastie Mastandreas.<\/p>\n\n\n\n<p>28 avril 2022, \u00ab&nbsp;<a href=\"https:\/\/www.contexte.com\/article\/pouvoirs\/en-europe-la-hongrie-fait-de-plus-en-plus-cavalier-seul_149825.html\" target=\"_blank\" rel=\"noreferrer noopener\">En Europe, la Hongrie fait de plus en plus cavalier seul<\/a>&nbsp;\u00bb, <em>Contexte<\/em>, par L\u00e9o Lictevout.<\/p>\n\n\n\n<p>14 avril 2022, \u00ab&nbsp;<a href=\"https:\/\/www.publicsenat.fr\/actualites\/politique\/avec-son-projet-d-europe-des-nations-marine-le-pen-veut-relancer-l-alliance-entre\" target=\"_blank\" rel=\"noreferrer noopener\">Avec son projet \u201cd\u2019Europe des nations\u201d, Marine Le Pen veut relancer l\u2019alliance entre souverainistes<\/a>&nbsp;\u00bb, <em>Public S\u00e9nat<\/em>, par Louis Dubar.<\/p>\n\n\n\n<p>27 juin 2021, \u00ab&nbsp;<a href=\"https:\/\/www.francetvinfo.fr\/monde\/europe\/traite-europeen\/loi-homophobe-en-hongrie-comment-lunion-europeenne-peut-elle-sanctionner-le-regime-de-viktor-orban_4680077.html\" target=\"_blank\" rel=\"noreferrer noopener\">Loi homophobe en Hongrie&nbsp;: comment l\u2019Union europ\u00e9enne peut-elle sanctionner le r\u00e9gime de Viktor Orban&nbsp;?<\/a>&nbsp;\u00bb, <em>France Info<\/em>, par Pierre-Louis Caron.<\/p>\n\n\n\n<p>17 juin 2021, \u00ab&nbsp;<a href=\"https:\/\/www.francetvinfo.fr\/societe\/lgbt\/hongrie-trois-questions-sur-la-loi-interdisant-la-promotion-de-l-homosexualite-aupres-des-mineurs_4667457.html\" target=\"_blank\" rel=\"noreferrer noopener\">Hongrie&nbsp;: trois questions sur la loi interdisant \u201cla promotion\u201d de l&rsquo;homosexualit\u00e9 aupr\u00e8s des mineurs<\/a>&nbsp;\u00bb, <em>France Info<\/em>.<\/p>\n","protected":false},"excerpt":{"rendered":"<p>Entretiens radiophoniques et t\u00e9l\u00e9visuels 14 avril 2026, D\u00e9faite de Viktor Orb\u00e1n: qu&rsquo;est-ce que \u00e7a change ?, \u00ab&nbsp;Le Point J \u00bb (RTS), par Jessica Vial. 13 avril 2026, Apr\u00e8s sa victoire aux l\u00e9gislatives en Hongrie, \u00ab\u00a0il va falloir que P\u00e9ter Magyar envoie des signaux \u00e0 l&rsquo;UE\u00a0\u00bb, analyse un sp\u00e9cialiste de l&rsquo;Europe centrale, France Info. 12 avril [&hellip;]<\/p>\n","protected":false},"author":1,"featured_media":0,"parent":0,"menu_order":0,"comment_status":"closed","ping_status":"closed","template":"","meta":{"footnotes":""},"class_list":["post-106","page","type-page","status-publish","hentry"],"_links":{"self":[{"href":"https:\/\/boisdron.fr\/index.php\/wp-json\/wp\/v2\/pages\/106","targetHints":{"allow":["GET"]}}],"collection":[{"href":"https:\/\/boisdron.fr\/index.php\/wp-json\/wp\/v2\/pages"}],"about":[{"href":"https:\/\/boisdron.fr\/index.php\/wp-json\/wp\/v2\/types\/page"}],"author":[{"embeddable":true,"href":"https:\/\/boisdron.fr\/index.php\/wp-json\/wp\/v2\/users\/1"}],"replies":[{"embeddable":true,"href":"https:\/\/boisdron.fr\/index.php\/wp-json\/wp\/v2\/comments?post=106"}],"version-history":[{"count":17,"href":"https:\/\/boisdron.fr\/index.php\/wp-json\/wp\/v2\/pages\/106\/revisions"}],"predecessor-version":[{"id":211,"href":"https:\/\/boisdron.fr\/index.php\/wp-json\/wp\/v2\/pages\/106\/revisions\/211"}],"wp:attachment":[{"href":"https:\/\/boisdron.fr\/index.php\/wp-json\/wp\/v2\/media?parent=106"}],"curies":[{"name":"wp","href":"https:\/\/api.w.org\/{rel}","templated":true}]}}